. Let c = 5 + t. Let v(u) = 2*u - 2. Calculate v(c).
2
Let q(p) be the first derivative of p**4/4 + 10*p**3/3 - 3*p - 69. What is q(-10)?
-3
Let d be 25/3 + (-1)/3. Let x(a) = -a - 9 + d - a. Let i(q) = -5*q - 2. Let o(t) = 3*i(t) - 7*x(t). Determine o(-3).
4
Let n = 1 + 4. Let c(m) be the third derivative of -m**5/60 + m**4/6 + m**3 - 65*m**2. Determine c(n).
1
Let w(f) = -2*f - 2. Let o(p) = -3*p - 31. Let c(m) = o(m) - 2*w(m). Calculate c(0).
-27
Let d(r) = 3*r - 5. Let p(k) = -4*k + 12. Let m(a) = -5*d(a) - 2*p(a). Let z(t) = -t - 3. Let s be z(-5). Give m(s).
-13
Let u(l) = -4*l**3 + 2*l**2 + l. Let j be u(-1). Let z(f) = -f - 3*f + 0*f + j*f + 11. Let s be z(-10). Let q(v) = 2*v**3 + v**2 + v - 1. Give q(s).
3
Let q(f) = -5*f**3 + 4*f**2 - 6*f - 1. Let j(l) = 4*l**3 - 5*l**2 + 5*l + 1. Let n(i) = -6*j(i) - 5*q(i). Give n(-10).
-1
Suppose o = b - 1, -4*o - 4 = b + 4*b. Let f(t) be the third derivative of 0 - 32*t**2 + 1/3*t**3 + 1/60*t**5 + 0*t + 0*t**4. Calculate f(b).
2
Let l(j) = -13*j + 1. Let f(t) = 4*t. Let g(u) = -7*f(u) - 2*l(u). Suppose 4*k - 24 = 8*k. Let s be -6*1 - -3 - k. Calculate g(s).
-8
Let d(t) = -6*t - 32. Let w(a) = -17*a - 94. Let u(i) = -11*d(i) + 4*w(i). Calculate u(-12).
0
Let y be 221/(-52) - 2/(-8) - -7. Let g(q) = 2*q - 1. Calculate g(y).
5
Let o(x) = 2*x - 1. Suppose -5*g + 4*i = 0, 0*g - 2*i + 2 = -2*g. Suppose -5*b - f + 19 = 0, -g*b + f + 13 = 4*f. Give o(b).
7
Let b(r) = -r**3 + 5*r**2 + 7*r + 5. Let k(i) = 3*i**2 + 8*i + 2. Let v(z) = z**2 + z - 1. Let m(s) = -k(s) + 4*v(s). Let g be m(-2). Calculate b(g).
11
Let d(g) be the second derivative of 2/3*g**3 + 0*g**2 - 1/12*g**4 + 0 - 3*g. Calculate d(5).
-5
Let n(g) be the second derivative of 0*g**2 - 8*g + 0 - 7/6*g**3. Calculate n(-2).
14
Let b(t) = -t**3 + 7*t**2 - 4*t - 8. Suppose 2*p - 154 + 50 = 0. Let q = 58 - p. Give b(q).
4
Let g(m) be the second derivative of -m**5/20 + m**4/12 - m**3/6 - 15*m**2/2 - 29*m + 3. Determine g(0).
-15
Let v(f) = -224*f + 222*f + 1 - 2. Let x(l) = 3*l + 3. Let t(j) = -5*v(j) - 3*x(j). Determine t(7).
3
Let y be (4 - 3)/(1/3). Let a(g) = 19*g**2 + 24*g**2 - 44*g**2 + 0 + 3. Give a(y).
-6
Let w be 4/22 - (-2150)/275. Let b(n) = 3 - 2 + 3*n - w*n**2 + 7*n**2. What is b(4)?
-3
Let l(p) be the first derivative of -5/3*p**3 + 4*p - p**2 - 29 + 1/4*p**4. Determine l(4).
-20
Let m(b) = -9*b**2 + b. Suppose -3*h - p + 6*p - 2 = 0, 2*h + p - 3 = 0. Give m(h).
-8
Let k(m) be the second derivative of -1/3*m**3 + 0 - 5/2*m**2 + 10*m. Determine k(-4).
3
Let b = -1279 - -1275. Let t(i) = -i**2 - 15*i - 46. What is t(b)?
-2
Let p(g) = -10*g + 4. Let n = -320 - -317. Determine p(n).
34
Let u(x) = 2*x**3 - 19*x + 2. Let n(h) = h**3 + h**2 - 10*h + 2. Let w(l) = 5*n(l) - 3*u(l). Let a be 50/8 + (-5)/20. What is w(a)?
10
Let x(n) = 2*n**2 + 2*n - 3. Let l = 26 + -7. Suppose d = -4*t - l, 2*d - 2*t + 1 - 3 = 0. What is x(d)?
9
Let x(i) = -11*i**3 - i**2 - 2*i - 1. Let z(j) = -2*j**3 + 33*j**2 - 16*j + 3*j**3 + 16 + j**3 + 0*j. Let m be z(-17). Give x(m).
11
Suppose n + 5 = -2*t, -4*n + t + 2*t - 20 = 0. Let l(z) = 11*z**2 + 88*z + 3. Let j be l(-8). Let c(r) = -2*r + 6 - 8 + 7 - j*r - r**2. Determine c(n).
5
Let d(f) be the third derivative of -f**5/60 - f**4/6 - f**3 - 7*f**2 + 8*f. Calculate d(-5).
-11
Let w(v) = -2*v + 11. Let h(t) = -9*t + 45. Let j(f) = 6*h(f) - 26*w(f). Give j(-9).
2
Let w be (-12)/42 - 37/(-7). Let j(s) = -8*s - 8 + 14*s - w*s. Suppose 0*g + g = 0. What is j(g)?
-8
Let h(l) = 7*l - 1. Let t = 55 - 53. Let f be -2*(2 - 3)/t. Calculate h(f).
6
Let l(h) = h**2 - 10*h + 6. Let v be (5/(-2))/(5/(-16)). Determine l(v).
-10
Suppose u - 4*l - 4 = 0, 2*u + 4*l - 3 - 5 = 0. Let f(x) = -8*x - u + x + 3*x. Calculate f(-4).
12
Let p(c) = c**3 - c**2 + 2*c + 4. Let b(j) = 2*j**3 - 4*j**2 + 5*j + 10. Let t(l) = 4*b(l) - 9*p(l). Determine t(-7).
-10
Let d(f) = -4*f - 3. Let s be d(-2). Let z(l) be the second derivative of -l**5/20 + l**4/2 - 5*l**3/6 - l**2/2 - 3*l. Calculate z(s).
-1
Suppose 2*l + 8 + 4 = 0. Let k be -9*(-1)/l*4. Let p(u) be the third derivative of -u**5/60 - 5*u**4/24 + 2*u**3/3 + u**2. What is p(k)?
-2
Let o be 2/6*(5 - 2)*2. Suppose 0 = -2*p - o*u - 0*u + 10, 2*p - 8 = -3*u. Let k(t) = 2*t - 10. Give k(p).
4
Let n(u) be the first derivative of -2*u**3/3 - 2*u**2 - 5*u + 43. Calculate n(-4).
-21
Suppose -5*u + 10 - 25 = 0. Let v(c) = -3*c + 1. Let o(d) be the first derivative of -3*d**2/2 + d + 3. Let x(p) = u*v(p) + 2*o(p). Give x(4).
11
Suppose 2*t = -2*a + t + 3, -3*t - 24 = -5*a. Let j(s) = -2 + 7*s**3 - a*s**2 - 8*s**3 + 8*s - 2*s**2. What is j(-6)?
-14
Suppose 6*x - 14 = 2*x + 5*p, -5*p = -3*x + 13. Let i(w) = 2*w**2 + 6*w + w**2 - 5 + 4*w**2. Let s(v) = -v**2 - v + 1. Let j(f) = i(f) + 5*s(f). Determine j(x).
3
Let p(w) be the third derivative of w**5/60 + 7*w**4/24 - w**3/6 - 163*w**2 - 1. Determine p(-4).
-13
Let i(m) = m**2 + 4*m. Suppose -5*a + 43 = 3*u - 0*a, 3*u = -3*a + 33. Suppose -p - u = -4. Calculate i(p).
-4
Suppose 4*b + 18 = 6*b. Suppose 6 = 2*i - 3*i + 5*p, 5*i - 4*p = -b. Let o(t) = -5*t + 1. Let x(y) = y**2 - 11*y + 2. Let g(j) = 13*o(j) - 6*x(j). Give g(i).
-6
Let t(l) = -216 - 3*l + 2*l**2 + 2*l - 3*l**2 + 207. Calculate t(0).
-9
Let d(x) be the second derivative of x**4/12 - x**3/3 - 3*x**2/2 - 112*x. Give d(5).
12
Suppose 5*y - 34 = -3*v + y, -2*y = 4*v - 32. Suppose 12 = 4*i - 8. Let n = v - i. Let o(h) = -h**3 + 2*h - 1. Determine o(n).
0
Let n = -8 - -8. Let h(k) be the second derivative of -k**4/12 - k**3/6 + 2*k**2 - 4*k. Determine h(n).
4
Suppose 3*t = -2*j - 21, 3*t + 0 = 5*j + 21. Let h be (-1)/(-2*(-3)/(-12)). Let r(o) = -1 - 3*o**2 + 2*o**2 + 2*o**h + 5*o. Determine r(j).
5
Let c(g) = g - 4. Let r(w) = -3*w + 11. Let t(m) = -17*c(m) - 6*r(m). Calculate t(3).
5
Suppose -73*m - 8 = -77*m. Let j(f) be the first derivative of 1/4*f**4 - f**m + 0*f - 8 + 4/3*f**3. Give j(-5).
-15
Let w(x) = 7*x + 11. Let q(o) = o + 1. Let f(p) = -q(p) + w(p). Let b(d) = -17*d - 30. Let n(k) = 3*b(k) + 8*f(k). Give n(-7).
11
Let a = 2 - 0. Let q(k) = -6*k + 3*k + k**2 + 1 + k**3 + a*k. Let g = 216 + -216. What is q(g)?
1
Let w(f) = f - 2. Let o = 29 + -16. Suppose 2*y + 3*m - o = 2*m, -4*y = -3*m - 11. Determine w(y).
3
Let p(b) = -b**3 + 3*b**2 - 2*b + 5. Let r be p(2). Let m be 51/7 - (-8)/(-28). Let x(z) = -z**2 + r*z + 4*z**2 - 2*z**2 + m - z. Calculate x(-5).
12
Let r(i) be the second derivative of i**3/2 - 5*i**2/2 + 121*i. What is r(2)?
1
Let g be 2/10*25/(-15)*3. Let y(c) = 35*c**2 - c. Determine y(g).
36
Let v(w) = 7*w - 2. Let g(b) = 18*b - 4. Let k(q) = 2*g(q) - 5*v(q). Determine k(-9).
-7
Let g(b) be the third derivative of b**4/8 + 2*b**3/3 - 2*b**2. Suppose 8*p - 3*p = -105. Let v = 16 + p. Calculate g(v).
-11
Let d = 2 - -1. Let g be 4 + (1/(-1))/1. Let n(t) = d*t**3 + g*t - 7 - 2*t**3 + 6*t**2 - 2*t**3 - 7*t. Give n(5).
-2
Let t = 5 - 1. Let n(i) = t*i - 4*i**2 + 8 + 3*i**3 - 4*i**3 - 7. Let f = 9 - 14. What is n(f)?
6
Let r(a) = -a**3 - 1 - a**2 + 0*a**3 + 2*a**2. Suppose 15*q - 11*q - 8 = 0. Suppose 8*x - 6*x = -q. What is r(x)?
1
Let t(g) be the third derivative of g**4/3 + g**3 + 29*g**2. Determine t(-3).
-18
Suppose -2*v + 12 = -6*v. Let y(x) be the third derivative of 1/60*x**5 - 3*x**2 + 0*x + 0 + 1/3*x**3 + 1/6*x**4. Determine y(v).
-1
Let s(w) = 4*w - 5*w + 3*w. Suppose 10 + 13 = 2*a + 3*n, -3*n = 5*a - 35. Calculate s(a).
8
Let f(l) = -4*l + 1 + 3 - 91*l**2 + 12*l + 99*l**2 + l**3. Give f(-7).
-3
Suppose 0 = 3*k - 2*k + 12. Let s(a) = -5*a**2 + 15*a - 5. Let h(y) = 7*y**2 - 16*y + 5. Let t(z) = 3*h(z) + 4*s(z). Determine t(k).
-5
Let n(q) = -10*q**3 + 1. Let x(m) = -12*m**3 + 1. Let o(y) = -5*n(y) + 4*x(y). Suppose 0 = -p - 0 - 2. Determine o(p).
-17
Let f(d) = 2*d**3 + 7*d**2 - 8*d - 19. Let a(m) = m**3 + 3*m**2 - 4*m - 9. Let v(n) = 5*a(n) - 3*f(n). What is v(-6)?
-12
Let r(z) be the third derivative of -z**4/24 - z**3/3 + 28*z**2. Let m(j) = j**3 + 3*j**2 - 5*j - 4. Let k be m(-4). Calculate r(k).
-2
Let n(d) be the first derivative of -d**3/3 - d**2/2 - 6*d - 247. Calculate n(7).
-62
Let u(a) = -a**3 + 15*a**2 + 36*a - 24. Let m be u(17). Let w(s) = -38*s + m*s + 11*s - 3 + 15*s. Let t = 1 - 3. What is w(t)?
1
Let r(m) = -m**2 - m + 1. Let n(l) = -l**3 + 5*l**2 + 7